d by 20.
11
Let w = 58 - -190. Calculate the remainder when ((-3)/(36/w))/(18/(-27)) is divided by 11.
9
Calculate the remainder when 290 is divided by (91/(-39))/(25/45)*-5.
17
Let q = 541 + -583. What is the remainder when 2/7 - 8*723/q is divided by 47?
44
Suppose -20 = -22*a + 27*a. What is the remainder when 11 is divided by ((-4)/6*-1)/(a/(-54))?
2
Calculate the remainder when 2158 is divided by 2*2/(-20) - (5 + 580/(-25)).
16
Let z = 767 + -744. Suppose 680 = z*i - 6*i. Calculate the remainder when i is divided by 13.
1
Let a(v) = 7*v**2 - 323*v + 434. What is the remainder when 747 is divided by a(45)?
7
Let v be (-40)/25*10/(-4). Let y(i) = i**3 - 4*i**2 + 2*i + 1. Suppose 5*z = 4*z - z + 8. Calculate the remainder when y(v) is divided by z.
1
Let q(a) = a**3 - a**2 - 12*a - 2. Let s be q(4). What is the remainder when 201 is divided by (4 + 3 + -8)/(s/68)?
31
Let z = 314 + -726. Let t = z + 423. What is the remainder when 152 is divided by t?
9
Let y be 4 - ((-16)/(-8))/(0 + -2). Suppose 4*g + 3*n = y*n + 404, 0 = g + 5*n - 123. What is the remainder when g is divided by 15?
13
Suppose 10*b - 13*b = 129. Let t = b - -55. Let q = 59 + -39. Calculate the remainder when q is divided by t.
8
Suppose -b + 2*s - 3*s + 27 = 0, 2*b - 59 = 3*s. What is the remainder when 71 is divided by ((-8)/b)/((-5)/70) + 23?
17
Suppose -3*n = 2*n. Let x = -2387 + 2428. Suppose -2*l - 35 + x = n. What is the remainder when 11 is divided by l?
2
Suppose -19*z - 3171 + 3779 = 0. Calculate the remainder when 649 is divided by z.
9
Let c(f) = 1828*f + 1855. Calculate the remainder when 1807 is divided by c(-1).
25
Calculate the remainder when 18/(-12)*((-2504)/6 - 0) is divided by 104.
2
Let g be (-7 + (-26)/(-4))/((-2)/48). Suppose 11*x = -g*x + 161. What is the remainder when x is divided by 4?
3
Suppose 4*t + 3*m - 41 - 12 = 0, 4*m = -4. Suppose -110 = t*j - 348. Calculate the remainder when 65 is divided by j.
14
Let h(s) = 12*s**2 - 2*s + 1. Let x be 6608/26 - 9/((-351)/(-6)). Let z = x - 243. What is the remainder when h(-2) is divided by z?
9
Let g(x) = -6*x + 67. Calculate the remainder when ((-4)/(-10))/(33/5115) is divided by g(10).
6
Suppose -3*m = -5*m + 446. Let r = m + -151. What is the remainder when r is divided by 19?
15
Suppose 14*t - 21*t = -2975. Let s = t + -422. What is the remainder when 14 is divided by s?
2
Let v = 737 + -424. Suppose 6*z - v = -271. What is the remainder when z is divided by 1?
0
Suppose 4510 = 180*l - 98*l. What is the remainder when 176 is divided by l?
11
Let x(a) = a. Let n(o) = -o + 25. Let p(g) = n(g) + 3*x(g). Let i be p(-8). Calculate the remainder when 69 is divided by (2 + 0 + 1)*(-6 + i).
6
Suppose 16*u = 42*u - 4264. Suppose -28 = 15*t - 19*t. Calculate the remainder when u is divided by t.
3
Calculate the remainder when 500 is divided by 4*1/(-32) + (354/16 - 5).
7
Let g = -47 - -52. Let o(n) = -n**3 + 6*n**2 + n - 20. Calculate the remainder when 447 is divided by o(g).
7
Let g(r) = r**3 - r**2 - 6*r + 6. Suppose 3*z = 2*x - 335, 4*x = -17*z + 19*z + 210. Let o = z - -126. Calculate the remainder when g(4) is divided by o.
8
Let w(k) = 2*k**2 + 17*k - 6. Suppose 3 = -u - 6. Let j be w(u). Suppose 5*p - 5*b = 570, 5*p - j*b - 569 = b. Calculate the remainder when p is divided by 29.
26
Let v(h) = -h + 8. Let k be (14/28)/(1/16). Let m be v(k). Suppose 4*c + 82 = t - 0, m = -4*t - 3*c + 309. Calculate the remainder when t is divided by 27.
24
Let l(y) = -y**3 + 6*y**2 - 5*y + 64. Suppose -w = 2*w. Let o(v) = v + 236. Calculate the remainder when o(w) is divided by l(6).
32
Suppose -2*l = -b - b, -5*l - 5*b = 0. Suppose l = -4*r + 3*q - 2*q + 15, r = q + 6. Suppose -2*u - 41 = -r*u. What is the remainder when u is divided by 15?
11
Suppose -36*u + 3515 + 5919 + 2374 = 0. Calculate the remainder when 662 is divided by u.
6
Let y(q) = -5*q + 69. Let z = 31 - 43. Let a = z - -26. What is the remainder when y(6) is divided by a?
11
Calculate the remainder when 142/(-2 + 1 + 2) is divided by 31.
18
Let r(m) = -118*m - 5503. What is the remainder when r(-65) is divided by 243?
223
Suppose 150 = 81*r - 76*r. Suppose -2*a + 127 = -247. Let j = a + -100. What is the remainder when j is divided by r?
27
Let p = -20718 - -33402. What is the remainder when p is divided by 122?
118
Suppose 2*h = -2109 + 5207. Suppose 295 = -22*r + h. Calculate the remainder when r is divided by 56.
1
Let j = 3548 - 3284. What is the remainder when j is divided by 20?
4
Suppose 3*f + 9 = 0, 3*r - 6*r = -2*f - 198. Suppose -855*b + 140*b + 670905 = 162*b. Calculate the remainder when b is divided by r.
61
Suppose 4*q = q + 147. Let g = 18 - q. Let d = -10 - g. What is the remainder when d is divided by 11?
10
Suppose 1611 + 342 = 7*j. What is the remainder when 114 is divided by 1/(846/j + -3)?
21
Let g(j) = j**3 + 14*j**2 + j + 19. Let h be g(-14). Suppose 2*o + 90 = h*o. Let w = 34 - o. What is the remainder when 12 is divided by w?
0
Suppose 4*k - 55 = -2*p + p, -2*p + 5*k + 123 = 0. Suppose 3*u - 47 - 10 = -5*o, 20 = 2*o + 4*u. What is the remainder when p is divided by o?
11
Let u(h) = -669*h + 88357. Let q = 146 + -3. What is the remainder when q is divided by u(132)?
45
Let x = 606 - 618. Suppose 55 = r + 3*d + 159, 0 = 4*r - 4*d + 352. Let f = x - r. What is the remainder when f is divided by 27?
26
Suppose 296 = -3*k - 13*n + 8*n, -2*k - 200 = 2*n. Let u = 245 + -373. Let h = k - u. Calculate the remainder when 47 is divided by h.
21
Suppose 5*s = -3*r + 719, 5*r = -2*s + 11 + 250. Calculate the remainder when s is divided by 19.
15
Suppose 0*q - 202 = 2*q + 5*i, -4*q = -i + 382. Let h = q + 114. Calculate the remainder when 35 is divided by h.
17
Let r(z) = 5*z**2 - 26*z + 13. Let g be 0 - (0 + -2 + 0). Suppose g*l = s + 99, 2*l + 3*l = 3*s + 250. What is the remainder when l is divided by r(5)?
7
Suppose 5*i - 720 = -5*y, 33*y + 286 = 35*y + 3*i. Calculate the remainder when y is divided by 59.
28
Let v = -174 + 175. Let q(l) = -1 + 22*l**2 + 15*l**2 - 6*l**2 + 4*l**2. Calculate the remainder when q(v) is divided by 19.
15
Let g be 4 + 1/2 + (-5)/2. Let v be -4 + 7 - (g + -2)/(-2). Suppose -4*x + 181 = v*o, -6*o - 123 = -2*x - o. Calculate the remainder when x is divided by 17.
15
What is the remainder when (240/70)/(22/33*6/126) is divided by 0 + 48 - 2/(-2)?
10
Let k = -2127 + 2728. What is the remainder when k is divided by 9?
7
Let r(c) = c**3 + 7*c**2 + 10*c + 1. Let k be (-196)/42 + ((-1)/3 - -1). What is the remainder when 34 is divided by r(k)?
7
Let z be -124 + 1 + 24/8. Suppose -5*m = t - 69, 5*m - 3*t = 15 + 38. Calculate the remainder when ((-114)/4)/(45/z) is divided by m.
11
Let x(c) = c**3 + 11*c**2 + 9*c + 5. Let s be -4 + 21*3/9 - 13. What is the remainder when 58 is divided by x(s)?
13
Let s be (7/(-2) + 4)*8. Suppose 4*j + 68 = 8*j - s*u, -u = -5*j + 73. What is the remainder when 248 is divided by j?
10
Let m be (-2)/22 - (-184852)/814. Let v = -41 + m. Calculate the remainder when v is divided by 48.
42
Let n(s) = 2*s**2 + 54*s + 19. Let h(o) = 4*o**2 + o - 1. Suppose l + 4 = -l. What is the remainder when n(-28) is divided by h(l)?
10
Suppose 8*r + 3400 = 86*r + 514. What is the remainder when 252 is divided by r?
30
Calculate the remainder when 281 is divided by 81 + (6 + (-6 - -2) - (16 + -10)).
50
Let j(t) = 13*t - 5. Suppose 2*k = -0*b + 3*b - 26, 2*b - 5*k - 21 = 0. Let y(h) = 15*h - 111. What is the remainder when j(5) is divided by y(b)?
6
Let y(o) = -38*o**2 - 2*o - 1. Let p be y(-1). Let c = p + 71. Let u = -1426 - -1436. Calculate the remainder when c is divided by u.
4
What is the remainder when 131 is divided by 572/99 + (-2)/(-9)?
5
Let n = -151 + 157. Let x = 51 - 29. Suppose -3*f = -0*f - n, 0 = 2*d + f - x. What is the remainder when 25 is divided by d?
5
Let t = -3094 - -3909. Calculate the remainder when t is divided by 24.
23
Let i(j) = -3*j**2 - 57*j + 241. Calculate the remainder when 3697 is divided by i(-22).
42
Let d(a) = a**2 - 43*a + 25. Let f be d(43). Calculate the remainder when (-592)/(-10) - (55/f + -2) is divided by 8.
3
Let p(o) = 100*o**3 - 2*o**2 + o. Suppose -4*h + 51 = 3*i, 65*h = -5*i + 70*h + 155. Calculate the remainder when p(1) is divided by i.
24
Suppose -12 